n = -1306. What are the prime factors of b?
5, 13
Let x = 41 - 81. Let b = -30 - x. List the prime factors of b.
2, 5
Let l(w) = -w**3 - 12*w**2 - 12*w + 10. Let c be l(-10). Let z = 96 + c. List the prime factors of z.
2, 13
List the prime factors of 30/5 - (14 - 32).
2, 3
Let g(t) = t**3 + 2*t**2 - 10*t + 17. List the prime factors of g(6).
5, 7
Let m = -7 + -1. Let v = m + 8. Suppose v = 2*t - 1 - 3. What are the prime factors of t?
2
Let r = -113 - -486. List the prime factors of r.
373
Let v(z) = z**2 - 4*z - 21. Let r be v(7). What are the prime factors of 2 + -5 + 53 + r?
2, 5
Let t = -1 + 5. Suppose 42 = -t*v + 682. Suppose 4*c - v = -48. List the prime factors of c.
2, 7
Let x(u) = -81*u - 41. What are the prime factors of x(-3)?
2, 101
Suppose 13 = 8*p + 5*p. List the prime factors of p - 1458/(-7) - 2/7.
11, 19
Let p = 373 - 172. What are the prime factors of p?
3, 67
Let x(a) = a**2 + 96*a + 214. List the prime factors of x(37).
5, 13, 79
Let f = 103 + -95. Suppose -f*o + 478 = -154. What are the prime factors of o?
79
Let m(p) be the first derivative of -2*p**2 - 16*p - 1. Let t be m(-14). Suppose 9*z - t = 5*z. List the prime factors of z.
2, 5
Let i = 119 + -64. What are the prime factors of i?
5, 11
Suppose 17 + 13 = 3*k. Suppose 3*a - 4*a = 2*w - k, 10 = 2*w - 4*a. Let q(t) = 2*t + 1. List the prime factors of q(w).
11
Let c = 22 + -18. Let w(t) = -3*t + c*t - 3 + 3*t**2 - 2*t + 2. What are the prime factors of w(-1)?
3
Let k(f) = 2*f - 6. Let z(q) = -3*q - 6. Let v be z(-4). Let d be k(v). Suppose d*i - i = 30. What are the prime factors of i?
2, 3
Suppose -2*i + 0*i + 196 = -b, i - 98 = 4*b. Suppose 4*h + i = 2*p, 4*h = -0*p - 3*p + 137. Let q = p + -20. What are the prime factors of q?
3
Suppose s + 16 = 71. Let a = 3 + s. List the prime factors of a.
2, 29
Let o be -23 + -4*2/4. Let i = 24 + o. List the prime factors of (i/3*-141)/1.
47
Suppose -d = 3*d - 64. Suppose d - 6 = 5*l. Suppose l*o - 48 = -0*o. What are the prime factors of o?
2, 3
Let m be 1/(1788/597 - 3). List the prime factors of 4/8 + m/(-2).
2, 5
Let d = -1619 + 2737. What are the prime factors of d?
2, 13, 43
Suppose -5*a + 220 - 15 = -y, 3*a - 123 = 4*y. List the prime factors of a.
41
Suppose r = -3*r - 12. Let b be (-3 + 3)*r/(-3). Suppose -2*q + q + 10 = b. What are the prime factors of q?
2, 5
Suppose -13*u + 1972 = -5776. What are the prime factors of u?
2, 149
Let j(f) = -4 + 0 - 2*f**3 - 48*f + 47*f. List the prime factors of j(-5).
251
Suppose -4*j + 0*w = -w - 754, -5*j - 2*w = -936. List the prime factors of j.
2, 47
Suppose 3*n - 5775 = -2*n. Suppose 9*l = 42 + n. What are the prime factors of l?
7, 19
Let f(o) be the third derivative of o**5/20 - 7*o**3/6 + 10*o**2. List the prime factors of f(-5).
2, 17
Suppose -7*g + 104 = -113. Let t = g - 7. What are the prime factors of t?
2, 3
List the prime factors of ((-30074)/33)/(4/(-6) + 0).
1367
Let r(s) = -s**3 - s**2 + s + 7. Let m be r(0). Suppose -12*d + m*d = -360. What are the prime factors of d?
2, 3
Let t = 450 + -128. List the prime factors of t.
2, 7, 23
Let r = 894 + 1190. What are the prime factors of r?
2, 521
Suppose 2*d - c + 34 = 0, -2*c - 16 - 6 = 2*d. Let g = 55 - d. What are the prime factors of g?
2, 5, 7
Let k be 34 - 9*(-1)/(-3). Suppose p - k + 89 = 0. Let s = 117 + p. List the prime factors of s.
59
List the prime factors of (-3 - -3) + 1 + 1616.
3, 7, 11
Let v(a) = 2*a. Let o be v(2). Let b = 44 + o. List the prime factors of b.
2, 3
Let d(l) = l**3 + 9*l**2 - l + 12. Let s = -7 - -13. Suppose t - 45 = s*t. What are the prime factors of d(t)?
3, 7
Suppose -3*r - 50 = x, -r = -2*x - 2*x - 5. Let g = r - -11. List the prime factors of ((-39)/g)/((-12)/(-64)).
2, 13
Let f = 90 + -133. Let b = -29 - f. What are the prime factors of b?
2, 7
What are the prime factors of (-4)/3*354141/(-228)?
19, 109
Let r(g) = 15*g**2 - 4*g. Let i(x) = -x**2 + 5*x + 8. Let u be i(6). List the prime factors of r(u).
2, 13
What are the prime factors of (0 - 127)/(10/20*-2)?
127
Let j(k) = k**2 - 10*k + 4. Let w be j(10). Let t(d) = -d**2 + 2*d - 1. Let f be t(w). List the prime factors of 24/f*(-105)/5.
2, 7
Let b be 0 + 0 + (0 - (-9)/3). Suppose -b*t = -221 + 68. List the prime factors of t.
3, 17
Suppose 1 + 3 = 4*r, 0 = -4*g + 4*r + 4. Suppose -g*w - 5*k + 34 = 0, 5*w - 50 = -5*k + 20. What are the prime factors of (-6)/w - (-183)/6?
2, 3, 5
Let m = 196 + -49. What are the prime factors of m?
3, 7
Let w be (111/15 + 1)*(-30)/(-9). Suppose i = 5*i - 40. Suppose 5*f = -3*g + i, -4*f - 28 = -4*g + w. List the prime factors of g.
2, 5
Suppose -282*l + 1875 = -279*l. List the prime factors of l.
5
Suppose -4 = -4*n + 4. Suppose i - 126 = -i + 5*q, -2*i = -n*q - 114. What are the prime factors of i?
53
Let t(g) = -4 - 2*g + 5*g - 6. Let v be t(6). Suppose -9*r + 16 = -v*r. What are the prime factors of r?
2
Let o be 3*((-4)/(-3) + 2). Let m(d) = 15*d + 12. List the prime factors of m(o).
2, 3
Suppose -743 - 7657 = -6*l. What are the prime factors of l?
2, 5, 7
Let a(k) = -k + 3. Let d be a(-1). Suppose -q + d*z = -0 - 30, 3*q - 99 = 3*z. List the prime factors of q.
2, 17
Let t(h) = h**3 + 32*h**2 + 20*h + 54. What are the prime factors of t(-31)?
5, 79
What are the prime factors of (-9 - (3 + -15))*1981/3?
7, 283
Let g(m) = m**2 - m - 6. Let t be g(-4). Suppose -18*k + 284 = -t*k. List the prime factors of k.
71
Suppose -4*l - l + 20 = 0. Let h(b) = -10*b + 1. Let w be h(-1). Let f = l + w. List the prime factors of f.
3, 5
Suppose -l = -2, 5*f - 4*l - 298 = -106. List the prime factors of f.
2, 5
What are the prime factors of ((-135)/6)/5*7712/(-48)?
3, 241
Suppose 4*w + 6 = b, 5 = 2*b - w - 0. Let l = b - -48. What are the prime factors of l?
2, 5
Let d(s) = 68*s + 1142. List the prime factors of d(45).
2, 11, 191
Let j(x) = -x**2 - 8*x - 9. Let l be j(-6). Suppose l*q + 95 = 4*q. Suppose 6*f - 347 = -q. List the prime factors of f.
2, 3, 7
Let c(q) = 24*q + 226. List the prime factors of c(6).
2, 5, 37
Let c(s) = s**3 + 14*s**2 - 3*s + 4. Let b be c(-10). Suppose 4*x - b = 2*x. What are the prime factors of x?
7, 31
Let a(k) = k + 3. Let x be a(-5). Let w(z) = -7*z**3 + 2*z - 1. Let n be w(1). List the prime factors of 9 + x/(4/n).
2, 3
What are the prime factors of 24332/231*51/4?
17, 79
Let d = -6 - -8. Suppose -3*l = 3*s + 3, d*s - 7 = 5*l - 4*l. Suppose 0 = 4*z - 5*i - 118, -2*i = -s*z - 5*i + 48. What are the prime factors of z?
3
Suppose o + 4*m = 2*o - 97, 0 = 4*o + 2*m - 478. List the prime factors of o.
3, 13
Let q(t) = 145*t - 503. List the prime factors of q(8).
3, 73
Let z = -117 + 948. List the prime factors of z.
3, 277
Suppose u - 2*w - 33 = 0, -6*u - 5*w + 66 = -4*u. List the prime factors of u*((-196)/(-6))/7.
2, 7, 11
Let i(l) = -l**2 + 3*l + 1. Let q be i(-2). Let v = q - -58. List the prime factors of v.
7
Suppose b + 10*r - 7*r - 93 = 0, 0 = 3*r + 9. What are the prime factors of b?
2, 3, 17
Let m = -15 - -16. Let t be (3 - m) + (-2 - -2). Suppose 2*b + t = 42. What are the prime factors of b?
2, 5
Suppose 5*a - 22 = 3. Suppose 3*t + 25 = -v + 144, 0 = 5*t - a*v - 225. Suppose -5*f - t = -156. What are the prime factors of f?
23
Suppose 29*k = 45*k - 23264. What are the prime factors of k?
2, 727
Suppose -2*r - 3*r = 0. Let z(k) = -1 + 3 + r*k - k. What are the prime factors of z(0)?
2
Let a(b) = b**3 + 2*b**2 + 55*b + 15. What are the prime factors of a(12)?
3, 13, 23
Let a = 4 - 0. Suppose a*x = x + 150. List the prime factors of x.
2, 5
Let g = 17 - 26. Let c = -1 - g. Let b = c + 6. What are the prime factors of b?
2, 7
Let t be (-61)/(-2) + (-10)/20. Suppose 0 = -4*l - p - 7 - 13, -3*p = l + 5. Let j = t + l. What are the prime factors of j?
5
Suppose -3*c = -3*p + 1641, 0 = 4*c - 7 - 5. What are the prime factors of p?
2, 5, 11
Let i(y) = 16*y**2 - 2*y - 1. Let p be i(-1). Suppose 0 = -2*k + k + 18. Suppose l - p = k. What are the prime factors of l?
5, 7
Let r(p) = -12*p + 3. Let f(v) = -v. Let k(j) = -6*f(j) + r(j). List the prime factors of k(-5).
3, 11
Suppose -760 = -3*d - 7*d. List the prime factors of d.
2, 19
Let z(i) be the first derivative of -2*i**3/3 - 23*i**2/2 - 7*i + 20. List the prime factors of z(-7).
2, 7
Suppose -5*o + 1575 = 5*n, 2*n - 4*o - 676